by 25.
22
Suppose 3*m + 3 = -3*q, -5*q - 1 = 3*m - 2. Suppose 0 = q*h + h - 6. What is the remainder when h - (-2 - -2) - -9 is divided by 6?
5
Suppose -5*y + 216 = 2*q, 5*q + 3*y - 570 = -2*y. Calculate the remainder when q is divided by 30.
28
Let v = -48 + -11. Let b = 34 + v. Let d = -15 - b. Calculate the remainder when 19 is divided by d.
9
Calculate the remainder when (38/(-3) - -1)*-3 is divided by 5/(-50)*-4 + (-352)/(-20).
17
Suppose 0 = 5*z + 3*d - 174, z - 150 = -4*z + 5*d. Let k(p) = -p**3 - 8*p**2 - 10*p - 9. Calculate the remainder when z is divided by k(-7).
9
Suppose c - 15 = -2*l, 2*l + c - 17 = 2*c. Suppose -10*b + 17*b = 252. Suppose -l = j - b. What is the remainder when j is divided by 15?
13
Let o be (-2)/(-4)*(27 + 1). What is the remainder when 7 is divided by 3/6 + o/4?
3
Let t(n) = n**2 + 2*n + 2. Let u be t(-3). Let w be 0 + 0 - -3*21. Suppose -u*l - 3 = -w. Calculate the remainder when 23 is divided by l.
11
Suppose 3*l - 6*l + 6 = 0. Suppose -q + 4*g + 0*g = 15, 0 = l*g - 10. Calculate the remainder when 9 is divided by q.
4
Let z = -6 - -8. Suppose z*f = f + 17. Let s(u) = 5*u**2 - 3*u - 2. What is the remainder when f is divided by s(-1)?
5
Suppose 4*i + z - 67 = 0, -z = -5*i + 39 + 38. Let y = i - 9. Calculate the remainder when -1 + (-14)/4*-4 is divided by y.
6
Suppose -i = 3, 5*i - 154 - 166 = 5*t. Suppose 63 = 2*n - 125. Let j = n + t. Calculate the remainder when j is divided by 14.
13
Let b(r) = r**2 - r. Calculate the remainder when 9 is divided by b(-2).
3
Suppose 17*p - 42 = 15*p. Suppose -2*v = 5*j - 309, -2*j = -5*v + v - 114. Calculate the remainder when j is divided by p.
19
Suppose 3*w = -198 + 510. Suppose 25 + w = 3*b. Calculate the remainder when b is divided by 11.
10
What is the remainder when -17*(3 + (0 - 5)) is divided by 5?
4
Suppose m = -0*m - 3*q + 44, -4*q - 106 = -3*m. Calculate the remainder when m is divided by (-2)/(-4)*(-2 + 28).
12
Suppose 0 = -u + 3*u + 10, 53 = 2*y - 5*u. Calculate the remainder when (-4)/(-14) - 948/(-14) is divided by y.
12
Suppose 5*w + 10 - 190 = 0. Calculate the remainder when 215 is divided by w.
35
Suppose 6 = 5*o + 3*f + 51, 5*o + 20 = 2*f. Let t = -31 + 22. Let l = o - t. What is the remainder when 4 is divided by l?
1
Let s = 313 + -194. What is the remainder when s is divided by 62?
57
Let i = 6 - 37. Let l = i - -67. What is the remainder when l is divided by 19?
17
Let p(c) = 16*c + 2. Let i be p(-2). Let f = -15 - i. What is the remainder when 27 is divided by f?
12
Let d(c) = 2*c - 1. Let h be d(-4). Suppose q + 1 + 3 = 0. Let b = q - h. Calculate the remainder when b is divided by 3.
2
Let a = -43 - -83. Calculate the remainder when a is divided by (-1040)/(-75) - 4/(-30).
12
Let w(x) = -x**2 + 11. Let j = 5 + -1. Calculate the remainder when w(0) is divided by j.
3
Suppose -3*i = -2*i - 10. Suppose 0*v = -3*v. Suppose v = 2*y - 0*u + u - 7, -y - 5*u - 1 = 0. What is the remainder when i is divided by y?
2
Let d be (-31)/2 - (-3)/6. Let g = 31 + d. What is the remainder when g is divided by 6?
4
Suppose 3*n - 6*n + 9 = 0. Suppose -n = -0*g - g. Suppose -g*l - l = -116. What is the remainder when l is divided by 10?
9
Suppose -33 = -2*x - x. Suppose 0 = -2*m - 2*a + 158, -4*m - m = -3*a - 427. Let f = -51 + m. What is the remainder when f is divided by x?
10
Suppose 3*a + 0*a + 60 = -3*w, 0 = -4*a - 16. Let k = -3 - w. Suppose 75 = 3*q - 0*q. What is the remainder when q is divided by k?
12
Let a(l) = 9*l + 13. Let w(f) = 10*f + 14. Let n(y) = 4*a(y) - 3*w(y). Calculate the remainder when n(8) is divided by 20.
18
Let u(z) = -4 - 1 - 4 + 12*z. What is the remainder when u(8) is divided by 22?
21
Let c(g) = -3 + 5*g**2 + 5*g**3 - 4*g**3 + 3 - g. Let p be c(-5). Let y = p + 0. Calculate the remainder when 9 is divided by y.
4
Let c(o) = -2*o**2 + 10*o - 8. Let t be c(6). Calculate the remainder when (-105)/t*(-16)/(-6) is divided by 5.
4
Suppose 0*g = 2*g - 8. Suppose -2*t + 3*p + 77 = 2*p, g*p = 5*t - 185. What is the remainder when t is divided by 21?
20
Calculate the remainder when 84/18 - (-2)/(-3) is divided by 3.
1
Let c(p) = 14*p**2. Let q be c(1). Let d = q - 4. Calculate the remainder when 29 is divided by d.
9
Let j = -47 - -81. What is the remainder when j is divided by 18?
16
Let f be (2 + -1 - -38)/1. Suppose 0 = 3*u, 2*u = 3*v - u - f. Calculate the remainder when v is divided by 8 - 1/(4/12).
3
Calculate the remainder when 35 is divided by ((-1)/3)/(7 + 4356/(-621)).
12
Let l(w) = -w - 3. Let z be l(-6). Calculate the remainder when -2 + z/(-3) + 42 is divided by 21.
18
Let l(m) = -m - 13. Let o be l(-13). Suppose -n + 0 + 5 = o. Calculate the remainder when 7 is divided by n.
2
Let s = 5 - 3. Let k(h) = -h**2 + 2*h + 2. What is the remainder when k(0) is divided by s?
0
Let d = 9 - 7. Suppose -5*i + q = -208, i - d*i = -2*q - 47. Calculate the remainder when i is divided by 14.
13
Let k(s) = s**2 + 5*s + 4. Let i(v) = -5*v**2 + v + 1. Let f(u) = -u**2 + 1. Let w(l) = 2*f(l) - i(l). What is the remainder when w(2) is divided by k(-5)?
3
Let u be (24/9)/(4/6). Suppose 0*m + 44 = u*m. Calculate the remainder when 31 is divided by m.
9
Let p = 3 - -12. Calculate the remainder when 29 is divided by p.
14
Let y = 7 + -4. Let c(o) = o - 8. Let n be c(7). Let t = y - n. What is the remainder when 6 is divided by t?
2
Let b = -2 + 15. Let p(s) = 7*s**3 + 3*s - 2. Calculate the remainder when b is divided by p(1).
5
Suppose -4*m + 9 = -7. Suppose -48 = -f + c, m*f + 0*f - 3*c = 194. Calculate the remainder when 25 is divided by f/4 + (-1)/(-2).
12
Let t = -39 - -45. What is the remainder when 15 is divided by t?
3
Let d(r) = -7*r**3 - r**2 + r + 2. Calculate the remainder when d(-1) is divided by 4.
3
What is the remainder when 14/21 + 1418/6 is divided by 20?
17
Let z = 11 - -13. Calculate the remainder when 48*(3 + z/(-9)) is divided by 6.
4
Let i(l) = -l**3 + 7*l**2 - 7*l + 8. Let j(n) = n**2 + 3*n - 4. Let a be j(-5). What is the remainder when i(a) is divided by 2?
0
Suppose 2*y = 5*m + 35, -5*y - 2*m + 1 = -14. Suppose -3*w = 2*w + y, 3*i - 2*w - 20 = 0. Calculate the remainder when 8 is divided by i.
2
Let r = 19 - 9. Let i = 7 + r. Calculate the remainder when i is divided by 16/3 + (-10)/(-15).
5
Suppose -4*r + 8 = 2*n - n, 0 = -4*n - 2*r - 10. What is the remainder when (-7)/4*(1 - 5) is divided by (8 - -1)*n/(-12)?
1
Let v(w) be the third derivative of -w**4/24 + 2*w**3 - 6*w**2. What is the remainder when 51 is divided by v(-6)?
15
Suppose 7 + 8 = 5*b. Calculate the remainder when ((-91)/39)/((-2)/12) is divided by b.
2
Suppose -4*j = -4*a + 108, 0*a - 4*j = -3*a + 80. What is the remainder when 83 is divided by a?
27
Let s(r) = -r + 2. What is the remainder when 9 is divided by s(-4)?
3
Let q = 212 - 199. Suppose 3*o - 35 = 115. What is the remainder when o is divided by q?
11
Let p(z) = z**2 + 4*z - 7. What is the remainder when 14 is divided by p(-6)?
4
What is the remainder when 21 is divided by 20*(21/(-12) - (-5 - -3))?
1
Let o = -16 + 38. Let z = -7 + o. What is the remainder when 29 is divided by z?
14
Let p = 6 - 2. Let c be (-14)/(-49) - 298/14. What is the remainder when 3/c + (-78)/(-7) is divided by p?
3
Let m(b) = -3*b + 68. Calculate the remainder when m(12) is divided by 6.
2
Let y = 194 + 8. Suppose 3*s + 4*c = y, 4*c + 156 = 3*s - 14. Suppose 2*o = -5*t - 2*o + 84, 4*t - 2*o = s. Calculate the remainder when 45 is divided by t.
13
Let i(n) = -n**3 + 6*n**2 + n + 4. Suppose 15 = 4*g + g. Suppose -7 = 3*l - 34. What is the remainder when i(g) is divided by l?
7
Let l be 2/(-7) - (-408)/56. Suppose 46 = -l*a + 165. What is the remainder when 67 is divided by a?
16
Suppose -u = -6*u - 2*d + 16, 20 = 4*u + 4*d. Let l(g) = 2*g**3 - 2*g**2 + g + 1. Calculate the remainder when 6*2/16*28 is divided by l(u).
10
Calculate the remainder when 48 is divided by (-1)/((11/22)/(38/(-4))).
10
Suppose y - 3 = 14. Let o(n) = -n**3 - 5*n**2 + 6*n - 6. What is the remainder when o(-7) is divided by y?
16
What is the remainder when 47 is divided by 48/(-30) + 2 + 166/10?
13
Suppose 0 = 2*n + 3*n + 60. Let h(a) = a**2 + 2. What is the remainder when (-209)/(-4) + 3/n is divided by h(4)?
16
Suppose k + 5*z = 2*k - 25, 3*k - 4*z - 8